)*(-12 - 2) is divided by g?
14
Suppose -83*y - 12 = -85*y - 2*m, 18 = 4*y - 2*m. What is the remainder when 463 is divided by y?
3
Let k = -86 - -88. Suppose 5 = k*t + 25. What is the remainder when 23 is divided by 252/20 + 6/t?
11
Calculate the remainder when 428 is divided by 2 + -6 - 1365/(-38 - -17).
1
Let r be 66/14 + (-26)/(-91). Suppose 23*v - r*v = 342. Calculate the remainder when v is divided by 7.
5
What is the remainder when 26236/35 - ((-37)/(-45) - (-4)/(-18)) is divided by 58?
53
Let b = -32 - -36. Suppose -4*c + 4*r + b = 0, -c - 3*r + 14 + 3 = 0. Let l(s) = 3*s + 2. What is the remainder when l(3) is divided by c?
1
Let g(a) = -a**3 - 4*a**2 + 3*a + 5. Let k(j) = 5*j + 12. Let x = -17 - -17. Calculate the remainder when g(-6) is divided by k(x).
11
Let g = 83 - -682. Let t be 2/(-4) - (g/(-10))/(-9). Calculate the remainder when 52 is divided by t/(-6)*(0 + 1 + 11).
16
Let u(y) = 5*y**2 + 7*y + 35. Let b = -334 + 328. What is the remainder when u(b) is divided by 35?
33
Suppose -7*n + 112 = -0*n. Suppose -5*m + 13*a + 172 = n*a, -3*m - 5*a + 100 = 0. What is the remainder when 68 is divided by m?
33
Let k(y) = 31*y**3 - y**2 + 12051. What is the remainder when k(0) is divided by 294?
291
Suppose 10 - 1 = 3*t. Suppose 0 = 4*m + 3*p - 313, 2*p - 77 = -4*m + t*m. Suppose m = 4*a - 45. What is the remainder when a is divided by 12?
7
Suppose -2*m - k = 0, -5*k + 5 = -4*m - 23. Let t = -1 - m. Suppose -10 = -3*o - t. What is the remainder when 4 is divided by o?
1
Let w = -104 - -215. Suppose -5 + w = 2*k. What is the remainder when k is divided by 14?
11
Suppose 2*k + 9 = -2*o + 3, -29 = -2*o + 5*k. What is the remainder when (o + -5)*-1*715/15 is divided by 16?
15
Suppose 298*p - 16*p + 72*p = 58056. Suppose -4*d = -3*r - 208, 2*d - r = 4*r + 90. What is the remainder when p is divided by d?
54
Calculate the remainder when (-134875)/(-78) - 21/18 is divided by 860.
8
Suppose -3*b = 320 - 2060. Let a be 1/((-146)/b*-4 + -1). Let v = a - 131. Calculate the remainder when 166 is divided by v.
12
Let h(j) = -j**3 - 4*j**2 - 6*j - 3. Let i be h(-3). Let k(a) = -a**2 + 9*a - 4. Suppose 257 = 17*b - 338. Calculate the remainder when b is divided by k(i).
7
Let t(o) = 28*o**2 - 4*o - 3. Let v(u) = 5*u**3 - 510*u**2 + 502*u + 315. Calculate the remainder when t(-2) is divided by v(101).
9
Let b be (-2896)/(-72) - 2/9. Suppose b = 3*k - 2*k. Suppose 0 = 3*m + w - k, 20 = 4*m - 2*m + 4*w. What is the remainder when 68 is divided by m?
12
Calculate the remainder when 286 is divided by (-750)/(-8) - (-9 + 624/64 - 1).
4
Suppose 124*u - 75*u - 1075 - 787 = 0. What is the remainder when 109 is divided by u?
33
Suppose -4*j + 3*p = 432, -j - 2*j = 4*p + 299. Let n = 19 - j. What is the remainder when n is divided by 41?
1
Suppose 24 = -0*h + 4*h. Suppose q - 3*n + 1 = 6, -5*q = 4*n - h. Calculate the remainder when (-2 + 18/15)*(-3 - q) is divided by 2.
0
Calculate the remainder when 4723 is divided by (2772/(-110))/((21/70)/(6/(-8))).
61
Let j(q) = 6*q - 57. Let s be 759/55 - (-2)/10. Calculate the remainder when 125 is divided by j(s).
17
Let o = -37 + 343. Suppose -35*b - o = -44*b. What is the remainder when b is divided by (-124)/(-10) - 8/20?
10
Let b(q) = -2*q**2 - 2803*q - 27811. Suppose -4*z + 9*z = 30. Suppose -3*d = -z*d + 189. Calculate the remainder when d is divided by b(-10).
6
Let p(s) = 3*s + 3 - 2 - 2*s**2 + 5*s**2. Calculate the remainder when ((-154)/10 + 30)*15 is divided by p(-4).
34
Let n(r) = -4*r + 17. Let w be n(-6). Let o = w + -49. Let c(p) = p**2 + 9*p + 11. What is the remainder when 9 is divided by c(o)?
0
Let o = 366 - 361. Suppose x + 4*x - o = 0, -x + 76 = 5*r. Let w = 32 - -56. What is the remainder when w is divided by r?
13
Suppose -30*d = -32*d + 74*d - 47880. What is the remainder when d is divided by 50?
15
Let q = -22854 - -22881. Calculate the remainder when 857 is divided by q.
20
Suppose 4*k = -5*z + 469, -6*k + 4*k = -2*z - 266. What is the remainder when 872 is divided by k?
116
Suppose 19*c - 30 = -3*m + 20*c, -m = 2*c - 10. What is the remainder when 41 is divided by m/((-1)/(-1) - 0)?
1
Suppose 4*y - 675 = -79*y + 1151. Calculate the remainder when 894 is divided by y.
14
Suppose o - 3*h + 31 = 2*o, 0 = -o + 2*h + 6. Calculate the remainder when 98 is divided by o.
2
Suppose 5*n - 18 = -3, 5*r + 3*n - 84 = 0. Let l(z) = z**2 + 4*z - 1. Let u be l(-4). Let q = 6 + u. What is the remainder when r is divided by q?
0
Let u = 4 - 1. Suppose -o + 25 = 4*o. Calculate the remainder when o is divided by 0/(u - 1/(-1)) + 2.
1
Suppose 5*r = 63 + 22. Let x(v) = -4*v + 40. Let b be x(9). Suppose 2*h - h = 3*q + 44, -b*h = -5*q - 183. Calculate the remainder when h is divided by r.
13
Let r = -4905 + 4914. Calculate the remainder when 141 is divided by r.
6
Let k(q) = -96*q**3 + 2*q**2 - q - 2. Let a be k(-1). Suppose -26 = -3*s + a. Let z = 55 - s. Calculate the remainder when 51 is divided by z.
9
Let u = -15788 - -15945. Calculate the remainder when 13657 is divided by u.
155
Let p(w) = 8*w + 29. Let h = -488 - -1033. Calculate the remainder when h is divided by p(-2).
12
Suppose 25*a - 94*a = -19182. What is the remainder when 3045 is divided by a?
265
What is the remainder when 1/((-8883)/684 + 13) is divided by 28?
20
Let l(r) = -11*r**3 - 567*r**2 + 257*r - 104. Let b = 83 + -40. Let h = b - 29. Calculate the remainder when l(-52) is divided by h.
10
Let q = -61 - -76. Let w(l) = -l**2 + 22*l - 11. Let f be w(q). Let m = f - 38. Calculate the remainder when m is divided by 19.
18
Let n = -41 + 45. Let l be (-632)/(-52) - n/26. Suppose 8*d + 96 = l*d. What is the remainder when 87 is divided by d?
15
Let a(l) = 6*l**2 - 109*l + 5. Calculate the remainder when 2496 is divided by a(19).
96
Let t = -3352 - -3535. Calculate the remainder when t is divided by 31.
28
What is the remainder when (15/4 - 4) + 11535/12 + -2 is divided by 64?
63
Let p(t) = 15*t - 5. Let u be p(3). Suppose u = -3*s - s. Calculate the remainder when 39 is divided by (-2)/s - 196/(-20).
9
Let a be 3/(((-27)/18)/1). Let b(u) = -3*u + 12. Calculate the remainder when 66 is divided by b(a).
12
Suppose 6*y = 5*t + 2*y - 68, -t = y - 10. Calculate the remainder when t is divided by (25/55)/(-5) + 7659/759.
2
Calculate the remainder when ((-345)/(-15) - -539) + -3 + (-1)/1 is divided by 189.
180
Suppose -4317 = -4*o + 53*x - 58*x, -1083 = -o - 5*x. What is the remainder when o is divided by 20?
18
Let c be -4*(5 + -4) - (73 + -2). Let s = c - -77. Let z(t) = 3*t**3 - t**2 + 1. Calculate the remainder when 122 is divided by z(s).
17
Let d(a) = -52*a + 705. What is the remainder when 474 is divided by d(12)?
69
Suppose 38*q = 133*q - 83695. What is the remainder when q is divided by 15?
11
Let f(c) = 28*c. Calculate the remainder when f(1) is divided by -22*(-6)/18*(-2)/(20/(-15)).
6
Let z = -2078 + 2122. Calculate the remainder when 4397 is divided by z.
41
What is the remainder when 67 is divided by 3 + 207/24 + -9 + (-91)/(-8)?
11
Let z = -461 + 561. Let p = z - -362. What is the remainder when p is divided by 31?
28
Suppose 2047 = 18*c - 2417. Let r = 445 - c. Calculate the remainder when r is divided by 11.
10
Let d(o) = 23*o - 258. Let n(j) = -22*j + 258. Let h(i) = -7*d(i) - 6*n(i). Calculate the remainder when 310 is divided by h(8).
24
What is the remainder when (-1492)/1119 - 1408/(-3) is divided by 185?
98
Calculate the remainder when 1423/(16*6/192) is divided by 35.
11
Let y be 4 + 2 - (-165 + -2). Suppose 0 = 176*t - y*t - 24. Calculate the remainder when 19 is divided by t.
3
What is the remainder when (-25)/(-35) - 19431/(-119) is divided by 14?
10
Suppose 7 + 83 = 5*i. Suppose -2*x - 35*x = -1480. Suppose 5*v = -17*s + 12*s + x, 0 = -2*s - 6. What is the remainder when i is divided by v?
7
Let l = -361 - -363. What is the remainder when (1 + 141)/(l/(-20)*-4) is divided by 24?
19
Let o = 110 + 114. Suppose 0 = 5*a - a - o. Let v(f) = -f**2 + 41*f - 124. What is the remainder when v(32) is divided by a?
52
Calculate the remainder when 8 - (3 + -13 - (-11487)/(-7)) is divided by 111.
105
Let s(x) = -17*x - 7. Let p = 14 + -20. Suppose -h - 5*j - 8 = 0, -2*j = -2*h + 2*j + 40. What is the remainder when s(p) is divided by 